{"id":4340,"date":"2024-08-24T19:21:29","date_gmt":"2024-08-24T19:21:29","guid":{"rendered":"https:\/\/maximumperu.com\/?post_type=product&#038;p=4340"},"modified":"2024-08-24T21:00:32","modified_gmt":"2024-08-24T21:00:32","slug":"tl-wr941hp","status":"publish","type":"product","link":"https:\/\/maximumperu.com\/index.php\/product\/tl-wr941hp\/","title":{"rendered":"TL-WR941HP | Router Inal\u00e1mbrico N de Alta Potencia de 450Mbps"},"content":{"rendered":"<table>\n<thead>\n<tr id=\"tr_1525\">\n<th colspan=\"2\"><a>INAL\u00c1MBRICO<\/a><\/th>\n<\/tr>\n<\/thead>\n<tbody>\n<tr id=\"tr_5924\">\n<th width=\"35%\">Normas<\/th>\n<td width=\"65%\"><b>Wi-Fi 4<\/b><br \/>\nIEEE 802.11n\/b\/g 2,4 GHz<\/td>\n<\/tr>\n<tr id=\"tr_5923\">\n<th width=\"35%\">Velocidades de WiFi<\/th>\n<td width=\"65%\"><b>N450<\/b><br \/>\n2,4 GHz: 450 Mbps (802.11n)<\/td>\n<\/tr>\n<tr id=\"tr_5925\">\n<th width=\"35%\">Alcance WiFi<\/th>\n<td width=\"65%\"><b>Casas de 4 habitaciones<\/b><\/p>\n<hr \/>\n<p>3 antenas desmontables de alta ganancia de 9 dBi<br \/>\nVarias antenas forman una matriz amplificadora de se\u00f1al para cubrir m\u00e1s direcciones y \u00e1reas m\u00e1s grandes<\/p>\n<p>El FEM de alta potencia<br \/>\nmejora la potencia de transmisi\u00f3n para fortalecer la cobertura de la se\u00f1al<\/td>\n<\/tr>\n<tr id=\"tr_5926\">\n<th width=\"35%\">Capacidad WiFi<\/th>\n<td width=\"65%\"><b>Legado<\/b><\/td>\n<\/tr>\n<tr id=\"tr_5962\">\n<th width=\"35%\">Modos de trabajo<\/th>\n<td width=\"65%\">Modo enrutador<br \/>\nModo punto de acceso<br \/>\nModo extensor de rango<\/td>\n<\/tr>\n<\/tbody>\n<\/table>\n<table style=\"height: 204px;\" width=\"1140\">\n<thead>\n<tr id=\"tr_5793\">\n<th colspan=\"2\"><a>HARDWARE<\/a><\/th>\n<\/tr>\n<\/thead>\n<tbody>\n<tr id=\"tr_5928\">\n<th width=\"35%\">Procesador<\/th>\n<td width=\"65%\">CPU de un solo n\u00facleo<\/td>\n<\/tr>\n<tr id=\"tr_5929\">\n<th width=\"35%\">Puertos Ethernet<\/th>\n<td width=\"65%\">1 puerto WAN de 10\/100 Mbps<br \/>\n4 puertos LAN de 10\/100 Mbps<\/td>\n<\/tr>\n<tr id=\"tr_5851\">\n<th width=\"35%\">Botones<\/th>\n<td width=\"65%\">Bot\u00f3n de encendido\/apagado de Wi-Fi Bot\u00f3n<br \/>\nde encendido\/apagado Bot\u00f3n<br \/>\nWPS<br \/>\nBot\u00f3n de reinicio<\/td>\n<\/tr>\n<tr id=\"tr_5931\">\n<th width=\"35%\">Fuerza<\/th>\n<td width=\"65%\">12 V \u2393 1,5 A<\/td>\n<\/tr>\n<\/tbody>\n<\/table>\n<table style=\"height: 215px;\" width=\"1139\">\n<thead>\n<tr id=\"tr_1625\">\n<th colspan=\"2\"><a>SEGURIDAD<\/a><\/th>\n<\/tr>\n<\/thead>\n<tbody>\n<tr id=\"tr_5932\">\n<th width=\"35%\">Encriptaci\u00f3n WiFi<\/th>\n<td width=\"65%\">WEP<br \/>\nWPA<br \/>\nWPA2<br \/>\nWPA\/WPA2-Empresa (802.1x)<\/td>\n<\/tr>\n<tr id=\"tr_5933\">\n<th width=\"35%\">Seguridad de la red<\/th>\n<td width=\"65%\">Control de acceso al\u00a0firewall SPI<br \/>\nEnlace de IP y MAC<br \/>\nCapa de aplicaci\u00f3n Puerta de enlace<\/td>\n<\/tr>\n<tr id=\"tr_5934\">\n<th width=\"35%\">Red de invitados<\/th>\n<td width=\"65%\">1 red de invitados de 2,4 GHz<\/td>\n<\/tr>\n<tr id=\"tr_5935\">\n<th width=\"35%\">Servidor VPN<\/th>\n<td width=\"65%\">OpenVPN<br \/>\nPPTP<\/td>\n<\/tr>\n<\/tbody>\n<\/table>\n<table style=\"height: 550px;\" width=\"1139\">\n<thead>\n<tr id=\"tr_5937\">\n<th colspan=\"2\"><a>SOFTWARE<\/a><\/th>\n<\/tr>\n<\/thead>\n<tbody>\n<tr id=\"tr_5963\">\n<th width=\"35%\">Protocolos<\/th>\n<td width=\"65%\">IPv4<br \/>\nIPv6<\/td>\n<\/tr>\n<tr id=\"tr_5942\">\n<th width=\"35%\">Controles parentales<\/th>\n<td width=\"65%\">Controles de tiempo\u00a0del filtrado de URL<\/td>\n<\/tr>\n<tr id=\"tr_5969\">\n<th width=\"35%\">Tipos de WAN<\/th>\n<td width=\"65%\">IP din\u00e1mica IP<br \/>\nest\u00e1tica<br \/>\nPPPoE<br \/>\nPPTP<br \/>\nL2TP<\/td>\n<\/tr>\n<tr id=\"tr_5943\">\n<th width=\"35%\">Calidad del servicio<\/th>\n<td width=\"65%\">QoS por dispositivo<\/td>\n<\/tr>\n<tr id=\"tr_5946\">\n<th width=\"35%\">Reenv\u00edo NAT<\/th>\n<td width=\"65%\">Reenv\u00edo de puertos\u00a0de servidor virtual<br \/>\nActivaci\u00f3n de puertos<br \/>\nDMZ<br \/>\nUPnP<\/td>\n<\/tr>\n<tr id=\"tr_5947\">\n<th width=\"35%\">Televisi\u00f3n por IP<\/th>\n<td width=\"65%\">Proxy IGMP<br \/>\nEspionaje IGMP<\/td>\n<\/tr>\n<tr id=\"tr_5948\">\n<th width=\"35%\">DHCP<\/th>\n<td width=\"65%\">Lista<br \/>\nde clientes DHCP\u00a0de reserva de direcciones<\/td>\n<\/tr>\n<tr id=\"tr_5949\">\n<th width=\"35%\">DDNS<\/th>\n<td width=\"65%\">Sin IP<br \/>\nDynDNS<\/td>\n<\/tr>\n<tr id=\"tr_5950\">\n<th width=\"35%\">Gesti\u00f3n<\/th>\n<td width=\"65%\">P\u00e1gina web\u00a0de la aplicaci\u00f3n Tether<br \/>\n<a href=\"https:\/\/tp-link.com\/support\/download\/tl-wr941hp\/#Emulators\">Verificar emulador web&gt;<\/a><\/td>\n<\/tr>\n<\/tbody>\n<\/table>\n<table>\n<thead>\n<tr id=\"tr_5970\">\n<th colspan=\"2\"><a>OTRO<\/a><\/th>\n<\/tr>\n<\/thead>\n<tbody>\n<tr id=\"tr_5971\">\n<th width=\"35%\">Requisitos del sistema<\/th>\n<td width=\"65%\">Internet Explorer 11+, Firefox 12.0+, Chrome 20.0+, Safari 4.0+ u otro navegador compatible con JavaScript<\/p>\n<p>M\u00f3dem de cable o DSL (si es necesario)<\/p>\n<p>Suscripci\u00f3n con un proveedor de servicios de Internet (para acceso a Internet)<\/td>\n<\/tr>\n<tr id=\"tr_5972\">\n<th width=\"35%\">Certificaciones<\/th>\n<td width=\"65%\">FCC, CE, RoHS<\/td>\n<\/tr>\n<tr id=\"tr_5973\">\n<th width=\"35%\">Ambiente<\/th>\n<td width=\"65%\">Temperatura de funcionamiento: 0\u2103~40\u2103 (32\u2109 ~104\u2109)<br \/>\nTemperatura de almacenamiento: -40\u2103~70\u2103 (-40\u2109 ~158\u2109)<br \/>\nHumedad de funcionamiento: 10%~90% sin condensaci\u00f3n<br \/>\nHumedad de almacenamiento: 5%~90% sin condensaci\u00f3n<\/td>\n<\/tr>\n<\/tbody>\n<\/table>\n<table style=\"height: 200px;\" width=\"1139\">\n<thead>\n<tr id=\"tr_5959\">\n<th colspan=\"2\"><a>DATOS DE LA PRUEBA<\/a><\/th>\n<\/tr>\n<\/thead>\n<tbody>\n<tr id=\"tr_5960\">\n<th width=\"35%\">Potencia de transmisi\u00f3n WiFi<\/th>\n<td width=\"65%\">CE:<br \/>\n&lt;20 dBm (2,4 GHz)<br \/>\nFCC:<br \/>\n&lt;30 dBm<\/td>\n<\/tr>\n<tr id=\"tr_5961\">\n<th width=\"35%\">Sensibilidad de recepci\u00f3n de WiFi<\/th>\n<td width=\"65%\">450M: -71dBm al 10 % POR<br \/>\n130M: -74dBm al 10 % POR<br \/>\n108M: -74dBm al 10 % POR<br \/>\n54M: -77dBm al 10 % POR<br \/>\n11M: -91dBm al 8 % POR<br \/>\n6M: -89dBm al 10 % POR<br \/>\n1M: -97dBm al 8 % POR<\/td>\n<\/tr>\n<\/tbody>\n<\/table>\n<table style=\"height: 185px;\" width=\"1137\">\n<thead>\n<tr id=\"tr_5964\">\n<th colspan=\"2\"><a>F\u00cdSICO<\/a><\/th>\n<\/tr>\n<\/thead>\n<tbody>\n<tr id=\"tr_5965\">\n<th width=\"35%\">Dimensiones (An. \u00d7 Pr. \u00d7 Al.)<\/th>\n<td width=\"65%\">9,0 \u00d7 7,5 \u00d7 1,9 pulgadas<br \/>\n(227,5 \u00d7 190 \u00d7 48,3 mm)<\/td>\n<\/tr>\n<tr id=\"tr_5967\">\n<th width=\"35%\">Contenido del paquete<\/th>\n<td width=\"65%\">Enrutador Wi-Fi TL-WR941HP<br \/>\nAdaptador de corriente<br \/>\nCable Ethernet RJ45<br \/>\nGu\u00eda de instalaci\u00f3n r\u00e1pida<\/td>\n<\/tr>\n<\/tbody>\n<\/table>\n","protected":false},"excerpt":{"rendered":"<ul>\n<li>Rango Superior\u2013Los amplificadores de alta potencia y las antenas de alta ganancia proporcionan un mayor rango inal\u00e1mbrico de hasta 1000 metros cuadrados.<\/li>\n<li>Wi-Fi que Atraviesa las Paredes\u2013La se\u00f1al de Wi-Fi mejorada penetra paredes y obst\u00e1culos, eliminando zonas sin recepci\u00f3n<\/li>\n<li>3 Modos de Funcionalidad\u2013Ofrece tres modos inal\u00e1mbricos, incluyendo Router, Extensor de Rango y Punto de Acceso<\/li>\n<li>Velocidad Inal\u00e1mbrica de 450Mbps\u2013Ideal para el streaming de video, juegos en l\u00ednea y VoIP<\/li>\n<\/ul>\n","protected":false},"featured_media":4400,"template":"","meta":[],"product_cat":[210],"product_tag":[],"class_list":{"0":"post-4340","1":"product","2":"type-product","3":"status-publish","4":"has-post-thumbnail","6":"product_cat-redes","7":"product_brand-tp-link","9":"first","10":"instock","11":"shipping-taxable","12":"purchasable","13":"product-type-simple","14":"col-xs-6 col-sm-4","15":"col-md-3 col-lg-3","16":"un-4-cols"},"_links":{"self":[{"href":"https:\/\/maximumperu.com\/index.php\/wp-json\/wp\/v2\/product\/4340","targetHints":{"allow":["GET"]}}],"collection":[{"href":"https:\/\/maximumperu.com\/index.php\/wp-json\/wp\/v2\/product"}],"about":[{"href":"https:\/\/maximumperu.com\/index.php\/wp-json\/wp\/v2\/types\/product"}],"wp:featuredmedia":[{"embeddable":true,"href":"https:\/\/maximumperu.com\/index.php\/wp-json\/wp\/v2\/media\/4400"}],"wp:attachment":[{"href":"https:\/\/maximumperu.com\/index.php\/wp-json\/wp\/v2\/media?parent=4340"}],"wp:term":[{"taxonomy":"product_cat","embeddable":true,"href":"https:\/\/maximumperu.com\/index.php\/wp-json\/wp\/v2\/product_cat?post=4340"},{"taxonomy":"product_tag","embeddable":true,"href":"https:\/\/maximumperu.com\/index.php\/wp-json\/wp\/v2\/product_tag?post=4340"}],"curies":[{"name":"wp","href":"https:\/\/api.w.org\/{rel}","templated":true}]}}